ide 2961?
True
Is 14373 a multiple of 68?
False
Is 42 a factor of 36709?
False
Is 6 a factor of 55584?
True
Does 5 divide 465?
True
Does 4 divide 92?
True
Is 4 a factor of 217?
False
Is 53224 a multiple of 225?
False
Is 13808 a multiple of 29?
False
Is 95169 a multiple of 32?
False
Does 15 divide 1514?
False
Is 5291 a multiple of 35?
False
Is 367 a multiple of 4?
False
Does 7 divide 336?
True
Does 67 divide 4690?
True
Is 8 a factor of 848?
True
Is 893 a multiple of 42?
False
Does 59 divide 2242?
True
Does 28 divide 924?
True
Is 6 a factor of 427?
False
Is 24 a factor of 286?
False
Is 31 a factor of 55831?
True
Is 945 a multiple of 35?
True
Is 431 a multiple of 11?
False
Does 21 divide 27426?
True
Is 28 a factor of 7420?
True
Is 1155 a multiple of 43?
False
Is 132 a factor of 107448?
True
Is 10 a factor of 956?
False
Does 152 divide 55450?
False
Does 8 divide 1104?
True
Is 21 a factor of 164?
False
Is 9982 a multiple of 14?
True
Is 18 a factor of 887?
False
Is 232 a multiple of 6?
False
Does 8 divide 100?
False
Does 40 divide 8800?
True
Is 12 a factor of 276?
True
Does 14 divide 22932?
True
Does 52 divide 416?
True
Is 751 a multiple of 21?
False
Does 8 divide 33928?
True
Is 8342 a multiple of 14?
False
Does 9 divide 332?
False
Is 15950 a multiple of 22?
True
Is 11 a factor of 170?
False
Does 35 divide 51345?
True
Is 6 a factor of 3618?
True
Does 7 divide 4494?
True
Is 17083 a multiple of 20?
False
Is 7 a factor of 19518?
False
Is 60 a multiple of 5?
True
Does 17 divide 459?
True
Does 19 divide 477?
False
Is 1568 a multiple of 14?
True
Does 9 divide 60331?
False
Does 167 divide 34402?
True
Is 193392 a multiple of 24?
True
Is 13267 a multiple of 59?
False
Is 38 a factor of 836?
True
Does 27 divide 43740?
True
Is 156 a factor of 4212?
True
Is 7560 a multiple of 180?
True
Is 22 a factor of 7502?
True
Is 15317 a multiple of 17?
True
Does 21 divide 14830?
False
Does 31 divide 890?
False
Does 11 divide 38772?
False
Does 115 divide 4715?
True
Does 4 divide 1118?
False
Does 18 divide 1480?
False
Does 88 divide 2024?
True
Is 12 a factor of 599?
False
Does 22 divide 2427?
False
Is 674 a multiple of 33?
False
Is 28485 a multiple of 45?
True
Does 8 divide 341?
False
Does 22 divide 31731?
False
Does 38 divide 9404?
False
Does 24 divide 1488?
True
Does 5 divide 5317?
False
Does 18 divide 2346?
False
Is 672 a multiple of 32?
True
Is 14 a factor of 9016?
True
Does 47 divide 1603?
False
Is 28854 a multiple of 9?
True
Is 125 a multiple of 6?
False
Is 330 a multiple of 55?
True
Does 66 divide 4092?
True
Is 20 a factor of 1961?
False
Is 9354 a multiple of 34?
False
Does 10 divide 714?
False
Does 42 divide 24619?
False
Is 4 a factor of 44552?
True
Is 95 a factor of 24700?
True
Does 19 divide 2679?
True
Is 13 a factor of 103?
False
Does 15 divide 75?
True
Is 8731 a multiple of 13?
False
Is 12 a factor of 489?
False
Is 25679 a multiple of 5?
False
Is 93 a factor of 10096?
False
Is 94 a factor of 1675?
False
Does 10 divide 1327?
False
Does 61 divide 55083?
True
Does 10 divide 7295?
False
Is 15 a factor of 8221?
False
Is 2453 a multiple of 17?
False
Does 11 divide 35659?
False
Is 2070 a multiple of 115?
True
Is 18 a factor of 684?
True
Does 90 divide 3967?
False
Is 2279 a multiple of 78?
False
Does 12 divide 4031?
False
Is 58 a factor of 986?
True
Is 5881 a multiple of 22?
False
Is 356 a multiple of 3?
False
Is 26839 a multiple of 23?
False
Is 1490 a multiple of 16?
False
Is 22 a factor of 26840?
True
Is 759 a multiple of 11?
True
Is 89 a multiple of 43?
False
Does 9 divide 1431?
True
Is 101573 a multiple of 140?
False
Does 142 divide 8378?
True
Is 103 a multiple of 6?
False
Does 153 divide 2754?
True
Does 19 divide 52364?
True
Is 4002 a multiple of 29?
True
Is 842 a multiple of 38?
False
Is 47 a factor of 2162?
True
Does 3 divide 197?
False
Is 15725 a multiple of 17?
True
Is 5551 a multiple of 7?
True
Does 20 divide 42920?
True
Does 203 divide 66584?
True
Does 36 divide 3672?
True
Does 36 divide 2664?
True
Does 43 divide 770?
False
Is 203 a multiple of 7?
True
Is 10 a factor of 220?
True
Does 48 divide 57696?
True
Is 32277 a multiple of 159?
True
Is 22 a factor of 38249?
False
Does 10 divide 10310?
True
Is 96152 a multiple of 14?
True
Does 10 divide 533?
False
Is 39 a factor of 5265?
True
Does 20 divide 18600?
True
Does 46 divide 49082?
True
Is 123 a factor of 5921?
False
Does 6 divide 279?
False
Does 9 divide 477?
True
Is 5545 a multiple of 7?
False
Is 6804 a multiple of 4?
True
Is 48 a factor of 9504?
True
Is 3378 a multiple of 3?
True
Does 3 divide 217?
False
Is 97 a factor of 13666?
False
Does 75 divide 32637?
False
Is 36 a factor of 24156?
True
Is 248 a multiple of 4?
True
Does 28 divide 196?
True
Does 14 divide 29400?
True
Is 42 a factor of 924?
True
Does 24 divide 479?
False
Is 41 a factor of 6099?
False
Is 111 a factor of 2462?
False
Is 5 a factor of 13382?
False
Is 444 a multiple of 12?
True
Does 308 divide 103488?
True
Does 32 divide 6432?
True
Does 5 divide 339?
False
Is 477 a multiple of 9?
True
Does 19 divide 5859?
False
Is 29 a factor of 1032?
False
Is 13 a factor of 56667?
True
Is 112 a factor of 1977?
False
Is 483 a multiple of 25?
False
Does 18 divide 314?
False
Does 96 divide 6336?
True
Is 126 a factor of 39312?
True
Is 150 a multiple of 15?
True
Does 109 divide 7183?
False
Is 6594 a multiple of 14?
True
Does 24 divide 292?
False
Does 44 divide 1147?
False
Does 16 divide 40?
False
Does 10 divide 880?
True
Is 2049 a multiple of 14?
False
Is 594 a multiple of 30?
False
Is 39 a factor of 28336?
False
Does 32 divide 5554?
False
Is 10093 a multiple of 12?
False
Is 91 a factor of 6643?
True
Is 419 a multiple of 36?
False
Is 239 a multiple of 8?
False
Is 6360 a multiple of 27?
False
Does 104 divide 7888?
False
Is 27 a factor of 2349?
True
Does 52 divide 125?
False
Is 14 a factor of 728?
True
Does 23 divide 276?
True
Is 62326 a multiple of 111?
False
Does 6 divide 1600?
False
Is 26 a factor of 1378?
True
Does 19 divide 6300?
False
Is 41034 a multiple of 7?
True
Is 256 a multiple of 8?
True
Does 4 divide 604?
True
Is 16 a factor of 2851?
False
Does 10 divide 30?
True
Is 13 a factor of 598?
True
Does 24 divide 5502?
False
Does 11 divide 495?
True
Does 15 divide 300?
True
Does 45 divide 7958?
False
Does 12 divide 708?
True
Is 30 a factor of 8280?
True
Is 13 a factor of 87204?
True
Is 128913 a multiple of 323?
False
Is 14 a factor of 10612?
True
Does 32 divide 24608?
True
Is 6 a factor of 936?
True
Does 12 divide 883?
False
Is 406 a multiple of 28?
False
Is 3 a factor of 339?
True
Is 46 a factor of 27830?
True
Is 32 a factor of 1088?
True
Is 35888 a multiple of 19?
False
Is 1083 a multiple of 20?
False
Is 271 a factor of 42005?
True
Is 11 a factor of 12?
False
Is 124 a factor of 5459?
False
Does 13 divide 359?
False
Is 3565 a multiple of 115?
True
Does 18 divide 3582?
True
Is 2959 a multiple of 17?
False
Is 90055 a multiple of 95?
False
Is 6 a factor of 1915?
False
Is 51 a factor of 3162?
True
Does 42 divide 3948?
True
Is 546 a multiple of 18?
False
Does 152 divide 38304?
True
Is 2177 a multiple of 4?
False
Is 6688 a multiple of 11?
True
Is 13008 a multiple of 45?
False
Is 8 a factor of 14264?
True
Is 6786 a multiple of 117?
True
Is 7795 a multiple of 16?
False
Is 60 a factor of 12360?
True
Is 7518 a multiple of 14?
True
Is 1242 a multiple of 69?
True
Is 124 a factor of 4739?
False
Is 90 a factor of 7470?
True
Is 3562 a multiple of 76?
False
Is 50 a factor of 1200?
True
Does 35 divide 1685?
False
Is 383 a multiple of 8?
False
Does 8 divide 4380?
False
Does 5 divide 2426?
False
Is 747 a multiple of 83?
True
Does 9 divide 1660?
False
Does 45 divide 1890?
True
Is 13444 a multiple of 84?
False
Is 23 a factor of 451?
False
Is 10 a factor of 831?
False
Does 74 divide 8658?
True
Does 73 divide 53809?
False
Does 4 divide 192?
True
Is 37 a factor of 8016?
False
Does 51 divide 24735?
True
Is 26 a multiple of 3?
False
Is 3604 a multiple of 53?
True
Does 84 divide 84?
True
Is 56600 a multiple of 25?
True
Is 11 a factor of 143?
True
Is 61602 a multiple of 13?
False
Does 145 divide 24350?
False
Is 7 a factor of 1012?
False
Is 2139 a multiple of 4?
False
Is 474 a multiple of 2?
True
Does 15 divide 37494?
False
Is 2682 a multiple of 52?
False
Does 116 divide 129?
False
Does